et h(i) = 10*i**2 + 26*i + 20. List the prime factors of h(-8).
2, 113
Let p(q) = 2*q**3 - 100*q**2 + q - 70. Let l be p(50). Suppose -138 = 2*z + z. Let u = l - z. What are the prime factors of u?
2, 13
Suppose -127 = 7*k + 174. Let v = k + 83. What are the prime factors of v?
2, 5
Let f be ((-4)/12)/(1/6). Let c(u) = -u. Let l be c(f). Suppose -2*b = 5*g - 44, -l*b = 5*g - g - 34. List the prime factors of g.
2, 5
Let u(z) = -430*z - 225. What are the prime factors of u(-8)?
5, 643
Suppose 0 = -3*j + 19*m - 18*m + 15295, 0 = -5*j + 3*m + 25493. What are the prime factors of j?
2, 2549
Let i(s) = s**3 + 4*s**2 + 3*s + 6. Let c be i(-4). Let n be c/(-8) + 82/8. Let g = n - 7. What are the prime factors of g?
2
Suppose 0 = 3*a - 344 - 682. What are the prime factors of a?
2, 3, 19
Let k = 27 - 5. Suppose 0 = h + 3*g - 14, 2*g + 3*g - 28 = -4*h. Suppose -h*a + 4*a = k. What are the prime factors of a?
11
Suppose -2*y = -2*a - 1408, -5*a - 1409 = -2*y - 4*a. What are the prime factors of y?
3, 5, 47
Let q be 2*6*16/24. Let r(f) = f**3 - 7*f**2 - 7*f + 10. Let t be r(q). Suppose 0 = -2*x + t + 2. List the prime factors of x.
2, 5
Let v = 624 - -552. What are the prime factors of v?
2, 3, 7
Suppose 34*k - 34006 = 73706. What are the prime factors of k?
2, 3, 11
Suppose 7*o - 26436 = -5*o. What are the prime factors of o?
2203
Suppose 0 = -3*w - 15, 3*v - 2*w - 115 = 543. List the prime factors of v.
2, 3
Let q(g) = 8*g + 3. Let j be q(-4). Let n = 38 + j. Let p(b) = b**2 - 10*b + 12. What are the prime factors of p(n)?
3
Let r = -319 - -588. What are the prime factors of r?
269
Suppose 6*f + 4057 - 14623 = 0. What are the prime factors of f?
3, 587
Let o(b) = 3*b + 41. Let v be o(-13). Suppose -3*m = -8*p + 4*p - 420, -140 = -m - v*p. List the prime factors of m.
2, 5, 7
Suppose 0 = 3*m + 82 - 55. What are the prime factors of (-906)/(-3) + (m - -4)?
3, 11
Let h = -3 - -9. Suppose 2*f + 2*p - 106 = 0, -5*f + 0*f = -3*p - 249. Suppose -7*r + f = -h*r. What are the prime factors of r?
3, 17
Suppose -5*i = -25 - 0. Suppose -4*q + 319 = -i*a, -4*q + 6*q - 158 = 4*a. What are the prime factors of q?
3
List the prime factors of 3895*((-56)/20 - -3).
19, 41
Suppose -4*n + 0 = -4. Let r(p) = 6*p + n - 20*p - 16*p. What are the prime factors of r(-1)?
31
Suppose -8*f + 19 = -5*f - 4*o, 0 = -2*f - 3*o + 7. Suppose -4*k + 117 = j, 0 = 3*k - 0*j - f*j - 105. What are the prime factors of k?
2, 3, 5
Suppose 39 = 14*q - q. Suppose q*j + 120 = 579. What are the prime factors of j?
3, 17
Let s = -971 + 1667. List the prime factors of s.
2, 3, 29
Let i(s) = 3*s**2 - 2*s + 837. What are the prime factors of i(0)?
3, 31
Let c be (27/(-18))/((-2)/12). Suppose -c*r = -963 - 549. List the prime factors of r.
2, 3, 7
Suppose -23*c + 52795 = 6703. What are the prime factors of c?
2, 3, 167
Suppose -d = -2799 - 1004. What are the prime factors of d?
3803
Suppose 1 + 5 = -6*o. Let q be o/(-3) - 11/(-3). Suppose -q*k = k - 15. What are the prime factors of k?
3
Let t(d) be the third derivative of -5*d**4/24 - d**3/6 + d**2. Let l(x) = 27*x - 195. Let c be l(7). List the prime factors of t(c).
29
List the prime factors of (-87571)/(-95) - -20 - 2/(-10).
2, 3, 157
Let u(a) = 155*a**2 - 3*a + 1. Let x(l) = l**3 + 11*l**2 + 16*l - 17. Let c be x(-9). What are the prime factors of u(c)?
3, 17
Let v be (-3)/(-4) + 9 + 6175/(-52). Suppose w - 264 = 5*w. Let a = w - v. List the prime factors of a.
43
Let n = 42 - 23. Suppose t - n = g - 0*t, -3*t = -4*g - 79. Let r = g - -30. List the prime factors of r.
2
Let i(g) = -g**3 + 10*g**2 + g + 2. Let v(u) = -2*u**2 + 9*u - 1. Let k be v(6). Let h = -9 - k. What are the prime factors of i(h)?
2, 3
Suppose -207 = -2*w + 55. Let h = -28 + w. List the prime factors of h.
103
Let t(c) = 43*c**3 + 2*c**2 + 5*c - 3. List the prime factors of t(3).
3, 397
Suppose -4*s + a - 66 + 0 = 0, -3*a = 4*s + 58. Let z(f) = 2*f + 12. Let c be z(14). Let j = s + c. What are the prime factors of j?
2, 3
Let u be 12/16 + 207/12. Let v = 11 - u. Let l = 10 - v. List the prime factors of l.
17
Let g(p) = 466*p**2 + p + 1. What are the prime factors of g(-1)?
2, 233
Suppose 15 = 5*b, -2*z = 2*b + 3 - 165. Suppose 3*m + z = 4*m. List the prime factors of m.
2, 3, 13
Let y be 5/(-7) + (-8)/28. Let n(k) = 9*k + 1. Let o be n(y). Let b(i) = -3*i + 3. List the prime factors of b(o).
3
Let m = 370 - 179. List the prime factors of m.
191
Let n be (2/(-6))/((-6)/(-49 + -5)). List the prime factors of (n/3)/((-2)/4) - -248.
2, 5
What are the prime factors of (-19246)/(-12) + (-3)/(-18) + -4?
2, 5
List the prime factors of (165 + -163)*1/(1/1524).
2, 3, 127
Let s = -458 - -779. List the prime factors of s.
3, 107
Let p(v) be the third derivative of -5*v**4/8 - v**3/3 + 4*v**2. What are the prime factors of p(-4)?
2, 29
Let k(g) = -42*g**3 - 8*g**2 - 18*g - 9. What are the prime factors of k(-5)?
7, 733
What are the prime factors of 4 + -1 - -5067*(-24)/(-36)?
3, 7, 23
Let x = -9 - -2. Let g(j) = -3 - 9*j - 2 - 6*j**2 + 5*j**2. What are the prime factors of g(x)?
3
List the prime factors of 30/(-15) + (162*-1)/(-1).
2, 5
Let l(y) = 7*y**2 - y. Let q(h) = 6 + 3*h**2 - h**2 - 4*h - 4*h**2 + h**2. Let g be q(-5). What are the prime factors of l(g)?
2, 3
Suppose -3*r - 28 - 6 = -n, n + 4*r = 20. Suppose -17*v = -21*v + n. List the prime factors of v.
7
Let i(r) = 4*r + 26. Let g be i(-6). Suppose 4*w = g*w + 16. Let o(x) = -x**2 + 12*x - 8. What are the prime factors of o(w)?
2, 3
Let v(z) = -5*z + 26. Let k be (1/(-2))/((-2)/(-24)). What are the prime factors of v(k)?
2, 7
Let v = -8 + 10. Suppose 5*c - 426 = -4*a, 5*c - v*a = -a + 406. What are the prime factors of c?
2, 41
Let u = 4 - -1. Suppose -u*z = 4*l - 416, 3*z + 3*l - 35 = 217. What are the prime factors of z?
2, 5
Let y(h) = 2*h - 9. Let x be y(6). Suppose -24 = x*m - 273. What are the prime factors of m?
83
Let v(b) = -13*b + 5. Let y be v(1). What are the prime factors of (-1100)/y*8/10?
2, 5, 11
Let w(a) = -46*a + 7. Let b be w(-3). Suppose 0 = -2*l - 4*g + 102, -4*l + 5*g + 46 = -b. List the prime factors of l.
7
What are the prime factors of (-10)/80 + 24817/8?
2, 3, 11, 47
Suppose 0 = -4*g - 3*r + 1207, -3*r - 56 = -5*g + 1446. Suppose -5*y + g = z, 3*y + y = 2*z + 238. List the prime factors of y.
2, 3, 5
Suppose -2*p = 2*p + 4, 2*d = -p - 55. Let y be (d/(-2))/((-7)/14). Let i = -16 - y. List the prime factors of i.
11
Let t(p) = -p**2 + 12*p. Let a be t(11). Let z = 13 - a. Suppose x = -x - o + 60, z*x - 48 = -4*o. What are the prime factors of x?
2
Let r(q) = q. Let p(m) = 2*m - 2. Let s(v) = p(v) - 3*r(v). Let d be s(-10). List the prime factors of d/16 - (-18)/4.
5
Suppose -d = -2*m + 180, -4*m + 96 = 4*d - 264. Let f = m + -53. Let l = f + -6. What are the prime factors of l?
31
Let t(i) = 6*i**2 + 8*i + 4. Let u be t(-7). Suppose z - u = -z. Suppose -37 = 3*g - z. What are the prime factors of g?
2, 7
Suppose 5*g = -3*p + 86, 3*g - 96 + 38 = -5*p. Let f = g + -13. What are the prime factors of (8/f - -2)*3?
2, 7
Let y(o) = -25*o - 6. Suppose -4*c - 7 = -3*n, -5*c - 8 = -3*n - n. Let m be y(c). List the prime factors of (-3)/(-5) + m/10.
2, 5
Suppose -5*u = 4*s - 863, -4*u + 715 = -3*s - 2*s. Suppose -38 = -d - 3*t - 2*t, -3*t - u = -4*d. List the prime factors of d.
43
Suppose 2*q - 1721 = 2*z + 1015, 4*q - 5467 = 5*z. What are the prime factors of q?
1373
Suppose 42*v + 1256 = i + 37*v, 2*i + 5*v = 2557. What are the prime factors of i?
31, 41
Let g = -82 + 147. Let o = g + 3. What are the prime factors of o?
2, 17
Let y = -13 + 12. Let r be (y - -18)/(3 - 2). Let z = 2 + r. What are the prime factors of z?
19
Suppose -2*n + 20 = 3*n. Suppose -v - v = -n. Suppose -7 = -v*g - 3*q, 5*q + 6 = -g - 8. What are the prime factors of g?
11
Let z(t) = -23*t - 15. Suppose -10*b + 14*b + 24 = 0. Let d be z(b). Suppose 3*c + 25 = 2*n + d, n = 3*c - 94. List the prime factors of c.
2, 3, 5
Let v(f) = 3*f**2 + 4*f + 14. Let o(m) = -m + 5. Let d be o(11). What are the prime factors of v(d)?
2, 7
Let k = 10 - 7. Suppose -2*a = -k*a - 160. What are the prime factors of a/15*(-3)/2?
2
Let l(q) = -q**2 - 8*q + 6. Let r be l(-5). What are the prime factors of (6/4)/(r/798)?
3, 19
Let d be -4*(2/13 + (-219)/156). S